{"id":24,"date":"2024-08-19T16:27:22","date_gmt":"2024-08-19T14:27:22","guid":{"rendered":"http:\/\/test.optyk-braniewo.pl\/?page_id=24"},"modified":"2026-05-05T10:01:50","modified_gmt":"2026-05-05T08:01:50","slug":"gabinet-okulistyczny","status":"publish","type":"page","link":"https:\/\/optyk-braniewo.pl\/index.php\/gabinet-okulistyczny\/","title":{"rendered":"Gabinet okulistyczny"},"content":{"rendered":"\t\t<div data-elementor-type=\"wp-page\" data-elementor-id=\"24\" class=\"elementor elementor-24\">\n\t\t\t\t<div class=\"elementor-element elementor-element-5bb26a0 e-flex e-con-boxed e-con e-parent\" data-id=\"5bb26a0\" data-element_type=\"container\" data-e-type=\"container\">\n\t\t\t\t\t<div class=\"e-con-inner\">\n\t\t\t\t<div class=\"elementor-element elementor-element-4581cfb elementor-widget elementor-widget-heading\" data-id=\"4581cfb\" data-element_type=\"widget\" data-e-type=\"widget\" data-widget_type=\"heading.default\">\n\t\t\t\t<div class=\"elementor-widget-container\">\n\t\t\t\t\t<h2 class=\"elementor-heading-title elementor-size-default\">Zapraszamy na badanie okulistyczne oraz badanie wzroku przeprowadzane przez specjalist\u0119 okulistyki Jacka Trzyn\u0119.<\/h2>\t\t\t\t<\/div>\n\t\t\t\t<\/div>\n\t\t\t\t\t<\/div>\n\t\t\t\t<\/div>\n\t\t<div class=\"elementor-element elementor-element-634417c e-flex e-con-boxed e-con e-parent\" data-id=\"634417c\" data-element_type=\"container\" data-e-type=\"container\">\n\t\t\t\t\t<div class=\"e-con-inner\">\n\t\t\t\t<div class=\"elementor-element elementor-element-3b167f5 elementor-widget elementor-widget-text-editor\" data-id=\"3b167f5\" data-element_type=\"widget\" data-e-type=\"widget\" data-widget_type=\"text-editor.default\">\n\t\t\t\t<div class=\"elementor-widget-container\">\n\t\t\t\t\t\t\t\t\t<h3 align=\"center\"><strong>w celu um\u00f3wienia si\u0119 na wizyt\u0119, prosz\u0119 o telefon po 15 maja<\/strong><\/h3><p>wtorki 11.00 &#8211; 17.00,\u00a0 soboty &#8211; nieczynne<\/p>\t\t\t\t\t\t\t\t<\/div>\n\t\t\t\t<\/div>\n\t\t\t\t\t<\/div>\n\t\t\t\t<\/div>\n\t\t<div class=\"elementor-element elementor-element-b330fe2 e-flex e-con-boxed e-con e-parent\" data-id=\"b330fe2\" data-element_type=\"container\" data-e-type=\"container\">\n\t\t\t\t\t<div class=\"e-con-inner\">\n\t\t\t\t<div class=\"elementor-element elementor-element-556a8d2 elementor-widget elementor-widget-text-editor\" data-id=\"556a8d2\" data-element_type=\"widget\" data-e-type=\"widget\" data-widget_type=\"text-editor.default\">\n\t\t\t\t<div class=\"elementor-widget-container\">\n\t\t\t\t\t\t\t\t\t<p><strong>W gabinecie mo\u017cna przeprowadzi\u0107 kompletne badanie okulistyczne u ma\u0142ych dzieci i niemowl\u0105t.<\/strong><\/p>\t\t\t\t\t\t\t\t<\/div>\n\t\t\t\t<\/div>\n\t\t\t\t\t<\/div>\n\t\t\t\t<\/div>\n\t\t<div class=\"elementor-element elementor-element-b1700b5 e-flex e-con-boxed e-con e-parent\" data-id=\"b1700b5\" data-element_type=\"container\" data-e-type=\"container\">\n\t\t\t\t\t<div class=\"e-con-inner\">\n\t\t\t\t<div class=\"elementor-element elementor-element-373cd31 elementor-widget elementor-widget-image\" data-id=\"373cd31\" data-element_type=\"widget\" data-e-type=\"widget\" data-widget_type=\"image.default\">\n\t\t\t\t<div class=\"elementor-widget-container\">\n\t\t\t\t\t\t\t\t\t\t\t\t\t\t\t<img fetchpriority=\"high\" decoding=\"async\" width=\"768\" height=\"614\" src=\"https:\/\/optyk-braniewo.pl\/wp-content\/uploads\/2024\/08\/gabinet1-768x614.jpg\" class=\"attachment-medium_large size-medium_large wp-image-110\" alt=\"\" srcset=\"https:\/\/optyk-braniewo.pl\/wp-content\/uploads\/2024\/08\/gabinet1-768x614.jpg 768w, https:\/\/optyk-braniewo.pl\/wp-content\/uploads\/2024\/08\/gabinet1-300x240.jpg 300w, https:\/\/optyk-braniewo.pl\/wp-content\/uploads\/2024\/08\/gabinet1.jpg 1024w\" sizes=\"(max-width: 768px) 100vw, 768px\" \/>\t\t\t\t\t\t\t\t\t\t\t\t\t\t\t<\/div>\n\t\t\t\t<\/div>\n\t\t\t\t\t<\/div>\n\t\t\t\t<\/div>\n\t\t<div class=\"elementor-element elementor-element-4139958 e-flex e-con-boxed e-con e-parent\" data-id=\"4139958\" data-element_type=\"container\" data-e-type=\"container\">\n\t\t\t\t\t<div class=\"e-con-inner\">\n\t\t\t\t<div class=\"elementor-element elementor-element-1c39966 elementor-widget elementor-widget-text-editor\" data-id=\"1c39966\" data-element_type=\"widget\" data-e-type=\"widget\" data-widget_type=\"text-editor.default\">\n\t\t\t\t<div class=\"elementor-widget-container\">\n\t\t\t\t\t\t\t\t\t<p><strong>Aby zapisa\u0107 si\u0119 na badanie okulistyczne lub uzyska\u0107 dodatkowe informacje\u00a0 <br \/>prosimy dzwoni\u0107 w godz. 10-13 i 14-17\u00a0 tel: 55-243-53-49\u00a0\u00a0 kom: 793-823-912<br \/>lub osobi\u015bcie odwiedzi\u0107 zak\u0142ad.<\/strong><\/p>\t\t\t\t\t\t\t\t<\/div>\n\t\t\t\t<\/div>\n\t\t\t\t\t<\/div>\n\t\t\t\t<\/div>\n\t\t<div class=\"elementor-element elementor-element-a6a9116 e-flex e-con-boxed e-con e-parent\" data-id=\"a6a9116\" data-element_type=\"container\" data-e-type=\"container\">\n\t\t\t\t\t<div class=\"e-con-inner\">\n\t\t\t\t<div class=\"elementor-element elementor-element-cfea784 elementor-widget elementor-widget-image\" data-id=\"cfea784\" data-element_type=\"widget\" data-e-type=\"widget\" data-widget_type=\"image.default\">\n\t\t\t\t<div class=\"elementor-widget-container\">\n\t\t\t\t\t\t\t\t\t\t\t\t\t\t\t<img decoding=\"async\" width=\"768\" height=\"614\" src=\"https:\/\/optyk-braniewo.pl\/wp-content\/uploads\/2024\/08\/gabinet2-768x614.jpg\" class=\"attachment-medium_large size-medium_large wp-image-126\" alt=\"\" srcset=\"https:\/\/optyk-braniewo.pl\/wp-content\/uploads\/2024\/08\/gabinet2-768x614.jpg 768w, https:\/\/optyk-braniewo.pl\/wp-content\/uploads\/2024\/08\/gabinet2-300x240.jpg 300w, https:\/\/optyk-braniewo.pl\/wp-content\/uploads\/2024\/08\/gabinet2.jpg 1024w\" sizes=\"(max-width: 768px) 100vw, 768px\" \/>\t\t\t\t\t\t\t\t\t\t\t\t\t\t\t<\/div>\n\t\t\t\t<\/div>\n\t\t\t\t\t<\/div>\n\t\t\t\t<\/div>\n\t\t<div class=\"elementor-element elementor-element-b944e1b e-flex e-con-boxed e-con e-parent\" data-id=\"b944e1b\" data-element_type=\"container\" data-e-type=\"container\">\n\t\t\t\t\t<div class=\"e-con-inner\">\n\t\t\t\t<div class=\"elementor-element elementor-element-901272e elementor-widget elementor-widget-text-editor\" data-id=\"901272e\" data-element_type=\"widget\" data-e-type=\"widget\" data-widget_type=\"text-editor.default\">\n\t\t\t\t<div class=\"elementor-widget-container\">\n\t\t\t\t\t\t\t\t\t<h5>Podstawowy zakres bada\u0144 u ka\u017cdego pacjenta to:<\/h5><p><strong>&#8211; badanie autorefraktometrem &#8211; komputerowe badanie ostro\u015bci wzroku<br \/>&#8211; bezkontaktowy pomiar ci\u015bnienia \u015br\u00f3dga\u0142kowego <br \/>&#8211; pachymetria <br \/>&#8211; <\/strong><strong>badanie odcinka przedniego oka biomikroskopem <br \/>&#8211; badanie dna oka<br \/><\/strong><strong>&#8211; pomiar jako\u015bci widzenia i k\u0105ta zeza u dzieci przy pomocy synoptoforu<br \/>&#8211;<\/strong> <strong>je\u015bli istnieje taka potrzeba, mo\u017cna wykona\u0107 badanie USG ga\u0142ek ocznych bez dodatkowej op\u0142aty<\/strong><\/p><p>Koszt takiego badania to 200 z\u0142otych.<\/p>\t\t\t\t\t\t\t\t<\/div>\n\t\t\t\t<\/div>\n\t\t\t\t\t<\/div>\n\t\t\t\t<\/div>\n\t\t\t\t<\/div>\n\t\t","protected":false},"excerpt":{"rendered":"<p>Zapraszamy na badanie okulistyczne oraz badanie wzroku przeprowadzane przez specjalist\u0119 okulistyki Jacka Trzyn\u0119. w celu um\u00f3wienia si\u0119 na wizyt\u0119, prosz\u0119 [&hellip;]<\/p>\n","protected":false},"author":1,"featured_media":0,"parent":0,"menu_order":0,"comment_status":"closed","ping_status":"closed","template":"","meta":{"site-sidebar-layout":"no-sidebar","site-content-layout":"","ast-site-content-layout":"full-width-container","site-content-style":"default","site-sidebar-style":"default","ast-global-header-display":"","ast-banner-title-visibility":"","ast-main-header-display":"","ast-hfb-above-header-display":"","ast-hfb-below-header-display":"","ast-hfb-mobile-header-display":"","site-post-title":"disabled","ast-breadcrumbs-content":"","ast-featured-img":"disabled","footer-sml-layout":"","ast-disable-related-posts":"","theme-transparent-header-meta":"","adv-header-id-meta":"","stick-header-meta":"","header-above-stick-meta":"","header-main-stick-meta":"","header-below-stick-meta":"","astra-migrate-meta-layouts":"default","ast-page-background-enabled":"default","ast-page-background-meta":{"desktop":{"background-color":"var(--ast-global-color-4)","background-image":"","background-repeat":"repeat","background-position":"center center","background-size":"auto","background-attachment":"scroll","background-type":"","background-media":"","overlay-type":"","overlay-color":"","overlay-opacity":"","overlay-gradient":""},"tablet":{"background-color":"","background-image":"","background-repeat":"repeat","background-position":"center center","background-size":"auto","background-attachment":"scroll","background-type":"","background-media":"","overlay-type":"","overlay-color":"","overlay-opacity":"","overlay-gradient":""},"mobile":{"background-color":"","background-image":"","background-repeat":"repeat","background-position":"center center","background-size":"auto","background-attachment":"scroll","background-type":"","background-media":"","overlay-type":"","overlay-color":"","overlay-opacity":"","overlay-gradient":""}},"ast-content-background-meta":{"desktop":{"background-color":"var(--ast-global-color-5)","background-image":"","background-repeat":"repeat","background-position":"center center","background-size":"auto","background-attachment":"scroll","background-type":"","background-media":"","overlay-type":"","overlay-color":"","overlay-opacity":"","overlay-gradient":""},"tablet":{"background-color":"var(--ast-global-color-5)","background-image":"","background-repeat":"repeat","background-position":"center center","background-size":"auto","background-attachment":"scroll","background-type":"","background-media":"","overlay-type":"","overlay-color":"","overlay-opacity":"","overlay-gradient":""},"mobile":{"background-color":"var(--ast-global-color-5)","background-image":"","background-repeat":"repeat","background-position":"center center","background-size":"auto","background-attachment":"scroll","background-type":"","background-media":"","overlay-type":"","overlay-color":"","overlay-opacity":"","overlay-gradient":""}},"footnotes":""},"class_list":["post-24","page","type-page","status-publish","hentry"],"_links":{"self":[{"href":"https:\/\/optyk-braniewo.pl\/index.php\/wp-json\/wp\/v2\/pages\/24","targetHints":{"allow":["GET"]}}],"collection":[{"href":"https:\/\/optyk-braniewo.pl\/index.php\/wp-json\/wp\/v2\/pages"}],"about":[{"href":"https:\/\/optyk-braniewo.pl\/index.php\/wp-json\/wp\/v2\/types\/page"}],"author":[{"embeddable":true,"href":"https:\/\/optyk-braniewo.pl\/index.php\/wp-json\/wp\/v2\/users\/1"}],"replies":[{"embeddable":true,"href":"https:\/\/optyk-braniewo.pl\/index.php\/wp-json\/wp\/v2\/comments?post=24"}],"version-history":[{"count":259,"href":"https:\/\/optyk-braniewo.pl\/index.php\/wp-json\/wp\/v2\/pages\/24\/revisions"}],"predecessor-version":[{"id":486,"href":"https:\/\/optyk-braniewo.pl\/index.php\/wp-json\/wp\/v2\/pages\/24\/revisions\/486"}],"wp:attachment":[{"href":"https:\/\/optyk-braniewo.pl\/index.php\/wp-json\/wp\/v2\/media?parent=24"}],"curies":[{"name":"wp","href":"https:\/\/api.w.org\/{rel}","templated":true}]}}